-674. What is the tens digit of p/10 + (-2)/(-5)?
3
Let a(f) = -f**2 - 10*f + 3. Let h be a(-10). Suppose 5*d + 54 = l - 0*l, 4*l + h*d - 285 = 0. What is the units digit of l?
9
Suppose 2*l - w = 1314 + 4200, 8262 = 3*l + 3*w. What is the tens digit of l?
5
Suppose -11 - 1 = -3*l + 2*h, 5*l - h = 27. Let g(y) = 3*y + 8. Let o be g(l). Suppose o = 2*v - v. What is the units digit of v?
6
Let w(v) = v - 1. Let a be w(4). What is the tens digit of (-148)/(-6)*-1*(a + -6)?
7
Let h(q) = -q**3 - 5*q**2 - 2*q - 4. Let c be h(-5). Let j be 32/6*9/c. Let v(x) = 4*x - 7. What is the units digit of v(j)?
5
Let c(o) = -o**3 + 7*o**2 + o + 9. Suppose 0 = 8*v - 116 - 156. Suppose -5*m + v = -1. What is the tens digit of c(m)?
1
Let o(r) = r**2 + 9*r. Let q be o(-6). Let h = 9 + q. What is the units digit of ((-40)/6)/(3/h)?
0
What is the hundreds digit of 53770/(-38)*(-1)/1?
4
Let o = 1898 - -783. What is the tens digit of o?
8
Suppose -3*b = -190 + 19. Suppose 0 = r - 2*s - b, 2*s - 24 - 29 = -r. Suppose -2*y = -23 - r. What is the tens digit of y?
3
What is the hundreds digit of 3/(-5) + 2993/5?
5
Suppose -62*n + 54*n = 296. Suppose 0 = -4*r - 76 - 12. Let x = r - n. What is the units digit of x?
5
Let n(l) = l**3 - 7*l**2 + l + 2. Let x be n(7). What is the units digit of x/(27/(-12)) + 89?
5
Let x = 364 + -262. What is the tens digit of x?
0
Let k(i) = 18*i - 9. Suppose j - 9 = -2*j + 5*o, -4*o = -5*j + 15. What is the tens digit of k(j)?
4
Let u(w) = -7*w**2 - 22*w + 13. Let n(l) = -3*l**2 - 11*l + 6. Let b(s) = 5*n(s) - 2*u(s). Let f be b(-11). Let q(z) = z - 3. What is the units digit of q(f)?
1
Let k(l) = 126*l**2 + 3*l + 7. What is the thousands digit of k(-3)?
1
Let d be (-1 + 1)/(12/(-6)). Suppose -4*u + 56 = 3*n, -4 = -2*n + 4*u - d*u. What is the units digit of n?
2
Let g = 26 + -22. Suppose g*w - 1 = -3*u + 25, 2*u = 4*w - 16. Suppose -u*s + n = -16, -2*s + 43 = 5*n + 3. What is the tens digit of s?
1
Let x(v) = v**3 + 6*v**2 - 5*v + 10. Let q be x(-9). What is the units digit of ((-11)/44)/(1/q)?
7
Let v be (-942)/(-10) - 1/5. Suppose m + 39 = v. What is the units digit of m?
5
Let o(b) = -301*b**3 + 2*b**2 + 2*b + 2. What is the units digit of o(-2)?
4
Let m = 127 + -125. Suppose -4*d + 911 = 5*t, m*t = d + 37 - 255. What is the tens digit of d?
2
Let o(i) = 5*i**2 + 3*i + 3. Suppose -q - 3*t - 4 = 0, 2*t = 3*q - 0 + 1. What is the units digit of o(q)?
5
Suppose -5*n - 13 = -4*a + 3*a, 117 = 5*a + n. Let x be (10/(-3))/((-1)/3). Let w = a - x. What is the units digit of w?
3
Suppose -3*q - p + 193 = 0, 0*q + p + 185 = 3*q. Suppose -3*a + q = 477. Let z = -85 - a. What is the tens digit of z?
5
Let r(b) = b + 4. Let u be r(3). Let m(h) = h**2 + h + 5. What is the units digit of m(u)?
1
Let n be ((-2)/5)/(1/15). Let z(w) = 5*w - 3*w + 2*w + w - 3 + w**2. What is the units digit of z(n)?
3
Let f be (1/3 + 6/9)/(-1). What is the units digit of 6/((-6)/f) - (2 + -76)?
5
Let s(i) = -i**3 + i**2 - i + 67. Let n be s(0). Let c = n - -3. What is the tens digit of c?
7
Suppose 15 = 3*a, 5*r - 45 + 5 = -4*a. Suppose -3*x - 432 = -2*u, -2*x = -r*x - 4. What is the units digit of u?
3
Suppose -5*g - 12 = -g. Let n be -2 + (-4 - g) + 3. Suppose -3*s + f + 46 = -16, 5*f - 20 = n. What is the units digit of s?
2
Let l(m) = 142*m**2 + 23*m - 31. What is the tens digit of l(3)?
1
Let c = 950 + 447. What is the thousands digit of c?
1
Let j(p) = p**2 + p - 1. Let o be j(-5). Suppose -5*s + 174 = o. What is the tens digit of s?
3
Suppose 148 - 888 = 4*l. Let d = -120 - l. What is the tens digit of d?
6
Let p be (-7 + -2)*4/(-6). Suppose d - 3*x + 0 + p = 0, 2 = -d + x. Suppose 3*m - 105 = 3*h, 2*h - 4*h - 10 = d. What is the units digit of m?
0
Let q(k) = 5*k**2 + 14*k - 8. Suppose -7*r - 26 = 23. What is the units digit of q(r)?
9
Suppose 0 = 7*o + 1611 - 7099. Suppose 199 = z + 4*m, 4*z - 5*m + 9*m = o. What is the units digit of z?
5
Suppose -k - 1 = 5*o + 1, -8 = -3*o + 4*k. Let a = 256 + -241. Suppose 5 + a = 5*p, o = -2*f - 4*p + 68. What is the tens digit of f?
2
Let h be (-38)/209 - (-310)/11. Suppose -r - h = -111. What is the units digit of r?
3
Let h(t) = 18*t - 40. What is the tens digit of h(6)?
6
Let r(b) = b**2 + b + 9. Let q be (-192)/33 - 4/22. Let w be r(q). Let s = 106 - w. What is the tens digit of s?
6
Let d(f) = 2*f - 19. Let y be d(12). What is the tens digit of y/((-135)/6) + (-1336)/(-18)?
7
Let k be (-5 - 48/(-6)) + 1243 + 0. Suppose -22*m = -15*m - k. What is the tens digit of m?
7
What is the tens digit of -45*(-3 - 0/1)*3?
0
Suppose 3*k + 2 - 11 = 0. Suppose 0 = k*m - m + 54. What is the units digit of 62/5 + m/(-45)?
3
Let s(o) = o**3 + 9*o**2 + 14*o + 7. Suppose n = u + 2 - 0, 5*u + 14 = 4*n. What is the units digit of s(u)?
1
Suppose 615 = 2*h - r - 48, -319 = -h - 2*r. What is the units digit of h?
9
Suppose -5421 + 381 = -12*m. What is the units digit of m?
0
Let k = 580 + -328. Let m = 444 - k. What is the units digit of m?
2
Let x(n) = -8 - n**2 + n**3 - 4*n**2 - 9*n + n. Suppose 3*p - 24 = -3. What is the tens digit of x(p)?
3
Let h = -241 - -140. Let y be -2 - (3 + 0 + h). Suppose 0 = -4*k + y + 40. What is the units digit of k?
4
Suppose 4*c = -2*f + 2234, 5*f + 1669 = c + 2*c. What is the tens digit of c?
5
Suppose j = -3*h + 190, 5*h + 13*j - 322 = 10*j. Let g(m) = 14*m + 1. Let i be g(-1). Let p = h + i. What is the tens digit of p?
4
Let q = 1286 - -455. Suppose 8*i + 357 - q = 0. What is the units digit of i?
3
Let q = 215 - 162. What is the tens digit of q?
5
Let v(y) = y**2 + 13*y + 16. Let d be v(-12). Suppose 0 = i + d*i - 160. What is the tens digit of i?
3
Let n = 1780 - 1626. What is the units digit of n?
4
Suppose -11*g = -56 - 1154. What is the hundreds digit of g?
1
Suppose 3*c = 2*v - 8, -4*c - 11 = -4*v + 1. What is the tens digit of (v + -3)*(1 + -24)?
4
What is the units digit of ((-3464)/14)/((-36)/126)?
6
Let n be (-5 - -3)/((-2)/52). Let c = -35 + n. What is the tens digit of c?
1
Let o(p) = -4*p**2 - 3*p + 1. Let w be o(7). What is the tens digit of 4/24*-3*w?
0
Let r(q) = 4*q**3 - 7*q**2 - 13*q - 3. Let h = -30 - -25. Let t(p) = 5*p**3 - 7*p**2 - 14*p - 4. Let n(j) = h*t(j) + 6*r(j). What is the units digit of n(-6)?
4
Suppose 4*b + 2*a + 21536 = 0, 4*b + 3*a + 21544 = -a. What is the tens digit of 3 + b/(-27) - (-4)/6?
0
Suppose -2*p + 1 - 5 = 3*y, 0 = 5*y - 5*p - 35. Suppose -2*i + 0*i + 358 = 5*z, -y*z + 152 = 3*i. What is the tens digit of z?
7
Let r = 961 + -679. What is the units digit of r?
2
Let f(o) = -2*o**2 - 8*o + 35. Let d(s) = 5*s**2 + 16*s - 69. Let z(c) = 3*d(c) + 5*f(c). What is the hundreds digit of z(-8)?
2
What is the thousands digit of (-28)/(-10)*(-25)/10 + 1279?
1
Suppose -2*x + 1521 = 85. What is the units digit of x?
8
Let d be ((-858)/18)/(-11) + (-4)/(-6). Suppose d*p = -2 + 12, -4*u + 112 = 4*p. What is the units digit of u?
6
Let j(x) = 3*x**2 - 39*x + 28. Let g(n) = -n**2 + 13*n - 9. Let b(o) = -8*g(o) - 3*j(o). Let m be b(12). What is the units digit of -1 + m - (-5)/1?
4
Let n(o) = -o**2 + 80*o - 393. What is the hundreds digit of n(50)?
1
Let u be 259 - (-4)/((-12)/(-9)). Suppose 0 = 2*o - s + u, 2*o + 253 = -3*s - 17. What is the tens digit of 5/1*o/(-20)?
3
Suppose -4*a = -6 - 6. Suppose -1 = a*s - 40. Let x = 23 + s. What is the tens digit of x?
3
Let u = 1267 + 1213. What is the tens digit of u?
8
Let t(l) = l**3 + 25*l**2 - 3*l + 5. Let m be t(-25). Let u = 7 + -3. Suppose -5*o = -u*j + m, -4*j + o + 49 = -j. What is the units digit of j?
5
What is the units digit of (1*5 - (-240 - -17)) + 1?
9
What is the units digit of ((-609)/49 + 13)/((-2)/(-917))?
2
Suppose 7*y + 360 = 10*y. What is the units digit of y?
0
Let n(y) = 5*y**2 - 3*y + 845. What is the tens digit of n(0)?
4
Suppose 14 = -3*w - 46. What is the tens digit of (2 - (-175)/w)*(-32)/6?
3
Suppose 5*b - 3*b = 10. Let g(o) = -o**3 + b*o**3 - 4*o**3 + 2 - o**2 + o**3. What is the units digit of g(0)?
2
Suppose -17*p + 18*p = 4. Let k(v) = 62*v. Let l be k(p). Suppose 2*x - 321 = -3*x - 4*n, 4*x + n - l = 0. What is the units digit of x?
1
Suppose -5*q + 18 = -4*q. Let w(b) = b**3 - 20*b**2 + 44*b - 7. What is the units digit of w(q)?
7
Suppose -5*g - 2 = -27. Suppose -3*d + g*d - 110 = 0. Let w = d